2 - -4. Let a be z(l). What is the greatest common factor of a and 135?
15
Let p be 2/(-3) + (-411)/(-9) + 3. Calculate the greatest common factor of p and 528.
48
Let m be 3/(-1) - -188 - -1. Let k = m + -129. Let q = -15 - -53. Calculate the highest common factor of k and q.
19
Let q(l) = -l**2 - 3*l + 4. Let x be q(-4). Let z(s) = -s + 2. Let m be z(x). Suppose -11 = -m*b + b. What is the highest common divisor of b and 22?
11
Let b = 68 - 38. Let c be (3 - -2) + 2 - 1. Calculate the highest common factor of b and c.
6
Suppose -4*d = -385 - 527. Let s = d + -123. Calculate the greatest common factor of s and 15.
15
Let z = -11 - -3. Let s(k) = -k. Let j be s(z). Calculate the highest common factor of j and 24.
8
Suppose -i - 2*i = -9. Suppose -3*z = -v + 16, -5*z + 1 = v - i*z. Let x be (-2276)/(-36) + (-2)/9. What is the greatest common factor of v and x?
7
Let y be 42/(-4)*(-12)/9. Let f(q) = -q**2 + 13*q - 1. Let p be f(11). Suppose 0 = -3*t - 0*t + p. Calculate the highest common divisor of t and y.
7
Suppose s - 76 = 5*d, -3*s - 7 = -d - 165. What is the greatest common factor of s and 34?
17
Let a = 23 + -46. Let v = 39 + a. Calculate the greatest common factor of v and 24.
8
Let u(j) = 2 - 9*j**3 - 3*j**2 + 8*j**3 + j + j. Let y be u(-5). Calculate the greatest common divisor of y and 6.
6
Suppose 4*w + 3 = -3*y, 4 = w - 5*y + y. Let g be w - (-1*16)/2. Calculate the greatest common factor of g and 8.
8
Let y(j) = j**3 + 8*j**2 + 3*j + 10. Let f be y(-8). Let g be (-9)/(-21) + (-526)/f. Calculate the highest common divisor of 95 and g.
19
Suppose -y + 2*y = -4*l - 2, -2*l = -3*y + 64. Calculate the highest common divisor of 72 and y.
18
Let a = -6 + 9. Suppose 5*l + y + 19 - 93 = 0, l - 18 = a*y. What is the highest common divisor of l and 5?
5
Let c = 29 - 21. Calculate the greatest common factor of 64 and c.
8
Let i(t) = -t + 11. Let a be i(-10). Let b = a - -43. Suppose -3*s + b = s. Calculate the highest common divisor of 8 and s.
8
Let q(h) = h**2 - h - 3. Let y be q(-3). Let x(v) = 6*v**2 - v + 1. Let w be x(1). Suppose -5*s + y = -w. What is the greatest common divisor of 3 and s?
3
Let u = 23 - -4. Calculate the highest common factor of 54 and u.
27
Let z(f) be the third derivative of f**5/30 - f**4/6 - 2*f**2. Let p be z(-4). Calculate the highest common divisor of p and 24.
24
Let p(d) = 72*d - 8. Let o be p(3). What is the highest common divisor of 26 and o?
26
Suppose 4*b - 44 = -3*n, b - 5*b + 20 = 0. Suppose 0 = -2*g - 3*g + 100. Calculate the greatest common factor of n and g.
4
Suppose -3*n - 3*s = n - 671, s = -4*n + 677. Suppose -5*b + n = -0*b. What is the highest common divisor of 85 and b?
17
Suppose i + 4*i = 15. Suppose 1 = b - 5*k, -2*b + 3 = -2*k - 31. What is the greatest common divisor of b and i?
3
Let t = -5 + 0. Let q be ((-6)/(-15))/((-1)/(-30)). Let a = q + t. What is the highest common divisor of a and 1?
1
Let d be (-56)/(4*(-1)/6). Calculate the highest common factor of 12 and d.
12
Suppose 5*l - 12*l = -154. Calculate the highest common divisor of 154 and l.
22
Let f(r) = r**3 - 3*r**2 - 2. Let t be f(4). What is the greatest common divisor of 21 and t?
7
Let u(s) = -s + 4. Let c be u(0). Let a = c + 14. Calculate the greatest common divisor of a and 12.
6
Let r = 5 - 9. Let h be 1/2 + (-358)/r. Let n(c) = -4*c - 2. Let x be n(-3). What is the highest common factor of h and x?
10
Let r(w) = 6*w - 20. Let h be r(5). Let a(d) = 2*d**3 - 6*d**2 + 3*d - 5. Let s be a(5). Calculate the highest common factor of h and s.
10
Suppose 0 = -0*d + 2*d - 4. Let s = 71 - 63. Calculate the highest common factor of s and d.
2
Let b be (-32)/(-12)*21 + (0 - -1). Calculate the highest common divisor of b and 19.
19
Let p be (-96)/12*10/(-8). Calculate the highest common divisor of 40 and p.
10
Suppose -1 + 9 = a. Let s(d) = 11*d**3 + 5*d**2 - 2*d - 1. Let y be s(3). Suppose -5*w + y = -25. What is the greatest common divisor of w and a?
8
Let g(d) = -d**3 + 7*d**2 - 2*d + 4. Suppose 0*x - 10 = 5*x. Let h be x/(-3) - 13/(-3). Let u be g(h). What is the highest common divisor of 4 and u?
4
Suppose 3*o = 2*o + 13. Suppose -7*j + 4*j + 39 = 0. What is the greatest common factor of j and o?
13
Let q be 19 + 2 + (-4 - -1). What is the highest common divisor of 18 and q?
18
Let n be (-4)/((-32)/(-8)) - 11*-1. Calculate the greatest common divisor of 4 and n.
2
Suppose 0 = -8*p + 3*p. Suppose p = 5*g - 283 - 102. Calculate the greatest common divisor of 11 and g.
11
Let y = -9 + 14. Suppose -y*g - 68 - 81 = -3*d, -4*d + 2*g = -194. Let q be (3 - 2 - -4) + 1. Calculate the highest common factor of q and d.
6
Suppose -4 = 3*m + 5, -4*x + 2 = 2*m. Suppose -x*b + 107 = 27. What is the highest common divisor of b and 60?
20
Suppose 2 = -u, -w + 74 = -2*u - 2*u. Let g be (-60)/(-9) + 2/(-3). What is the greatest common factor of g and w?
6
Suppose -2*g = 2*g + 3*v - 29, g = -5*v + 20. Suppose -g*u + u = -40. What is the greatest common divisor of 4 and u?
2
Suppose 3*h = 8 + 7. Let i = -1 - -16. What is the highest common divisor of h and i?
5
Suppose -15 = -4*m + 65. Let y = -6 + m. Calculate the greatest common factor of 14 and y.
14
Let l = -18 - -26. What is the highest common factor of l and 16?
8
Let a(j) = -j + 10. Let y(l) = -l + 11. Let z(w) = 4*a(w) - 3*y(w). Let u be z(-5). What is the highest common divisor of 36 and u?
12
Let x(m) be the first derivative of 5*m**4/4 + m**3/3 + m**2/2 - m - 2. Let q be x(1). Calculate the greatest common divisor of 4 and q.
2
Let u(a) = -a**3 + 4*a**2 - 2*a - 1. Let s(z) = -z + 10. Let q be s(8). Let f be u(q). What is the highest common divisor of f and 2?
1
Let m be -1*(3 - 6 - -1). Suppose -15 = -5*k, m*k + 4 = l - 0*k. Let o be 4/10 + 326/l. Calculate the highest common factor of o and 3.
3
Let n be 240/5 + 0 + -3. Calculate the greatest common factor of n and 9.
9
Let w(m) = -m**3 + 4*m**2 - 2*m + 2. Let x be w(4). Let u be (-376)/x - (-4)/12. What is the highest common factor of u and 9?
9
Suppose 3*u = -g + 27, 118 = 5*g + u + 25. Calculate the greatest common divisor of 288 and g.
18
Suppose -2*v + l = -160, 239 = v + 2*v - 2*l. Suppose 0 = -6*s + 28 + 26. Calculate the greatest common factor of v and s.
9
Let u be (-31)/(-4) + 2/8. Let p(v) = -v**2 + 8*v + 1. Let c be p(u). Calculate the greatest common divisor of 11 and c.
1
Let q = 3593 + -5213. Let g be (2/(-4))/(5/q). What is the greatest common factor of g and 18?
18
Suppose 3*w + 36 = -w + 3*o, -o = 5*w + 45. Let j = -6 - w. Suppose -r + j + 7 = 0. What is the highest common divisor of r and 5?
5
Let b(k) be the third derivative of -k**6/120 + 7*k**5/60 - 5*k**4/24 - k**2. Let m be b(6). Calculate the greatest common factor of m and 12.
6
Suppose -f - 59 = -3*o - 3*f, 2*o + 4*f = 42. Let i(z) = 7*z**2 - 3*z + 3. Let k be i(3). What is the highest common factor of k and o?
19
Let q(v) = -v**2 - 6*v + 6. Let m be q(-6). Calculate the greatest common divisor of 6 and m.
6
Let k(t) = 33*t**2 + t - 2. Let m be k(1). What is the highest common factor of 224 and m?
32
Let y be 1*12 - 0/17. What is the greatest common factor of y and 4?
4
Let x(g) = -g - g - g + 0. Let o be x(-4). Calculate the highest common divisor of 12 and o.
12
Let d = 18 + -10. Let t(p) = 3*p**3 - 4*p**2 + p + 2. Let o be t(2). Calculate the greatest common factor of o and d.
4
Let c(d) = -d**3 - 3*d**2 + 5*d - 12. Let p be c(-5). Calculate the highest common divisor of p and 52.
13
Let p(w) = -w**3 + w**2 - 4*w. Let h(j) = j + 2. Let a be h(-5). Let r be p(a). What is the greatest common factor of 6 and r?
6
Suppose 5*n - 5*d - 438 = -7*d, 2*n = 5*d + 181. Calculate the highest common factor of 16 and n.
8
Let l = -52 + 102. Let b be 6 - -14 - (1 - 1). Calculate the greatest common divisor of l and b.
10
Let x = 6 + 1. Suppose -r = -1 - x. Let u = -10 + 22. What is the greatest common factor of r and u?
4
Suppose 0 = -p + 1. Let s be 16*p*(5 + -1). What is the highest common divisor of s and 8?
8
Suppose 371 = 17*x - 326. What is the highest common divisor of 41 and x?
41
Let s = 40 + -4. Suppose 2*p + 5*a - 34 = 0, -5*p + 3*a + 60 - 6 = 0. Suppose 2*i - p = -i. What is the greatest common divisor of i and s?
4
Let z(l) = 2*l**2 - 20*l - 11. Let k b